220?
21122
In base 9, what is -2068 - 1408?
-3477
In base 8, what is -2 + 770150?
770146
In base 16, what is -28 + c23?
bfb
In base 7, what is -5 - -1633400?
1633362
In base 5, what is 332 + 12300?
13132
In base 12, what is 17 - -86?
a1
In base 15, what is 6776 + 0?
6776
In base 11, what is -12 + -2478?
-248a
In base 15, what is cc56 + 5?
cc5b
In base 5, what is -44310 - 221?
-100031
In base 9, what is -1 - 11770?
-11771
In base 13, what is -6 + -178415?
-17841b
In base 15, what is -158 + b3c?
9d4
In base 5, what is -210402 - 3?
-210410
In base 4, what is 23133321 + 11?
23133332
In base 14, what is 3 + -423b1?
-423ac
In base 2, what is -101 - -11101110010101?
11101110010000
In base 4, what is -2330021 - -10300?
-2313121
In base 3, what is 1110 + 11200020012?
11200021122
In base 16, what is dd763 + 1?
dd764
In base 5, what is 203 - 11100?
-10342
In base 7, what is -3 + -21506?
-21512
In base 2, what is 10101001100100 + -1110111?
10100111101101
In base 8, what is -1153 + -47?
-1222
In base 2, what is -100010101111100 + -10011?
-100010110001111
In base 8, what is -14367664 - -3?
-14367661
In base 12, what is 1 - 361?
-360
In base 3, what is 1021210100 + -12?
1021210011
In base 5, what is -1 - -3331401?
3331400
In base 13, what is -1c8 - 1533?
-172b
In base 6, what is 43535 + -104?
43431
In base 4, what is 13 - -1231213?
1231232
In base 14, what is -2 + ba7?
ba5
In base 2, what is 100 - -10000011011010010?
10000011011010110
In base 15, what is -275 - -26?
-24e
In base 8, what is 3 + 27521?
27524
In base 10, what is -20 - 40607?
-40627
In base 7, what is 2 + -406463?
-406461
In base 5, what is -122 - 2302?
-2424
In base 6, what is 42 + 22035?
22121
In base 16, what is f3 - -26?
119
In base 16, what is 1d9ed - 1?
1d9ec
In base 5, what is 14 - -20021333?
20021402
In base 3, what is 211021 - -2011?
220102
In base 12, what is 81a - 13?
807
In base 2, what is -1 + 10111111111110?
10111111111101
In base 13, what is -1823 + 309?
-1517
In base 5, what is 112100 - -1033?
113133
In base 16, what is -b64 + -c?
-b70
In base 15, what is -180 - -112?
-6d
In base 12, what is -311 + 360?
4b
In base 8, what is -2 + 305111?
305107
In base 9, what is -23242 - 3?
-23245
In base 12, what is 27 - 101b?
-bb4
In base 6, what is -342 + -1031?
-1413
In base 7, what is 206444 + 5?
206452
In base 10, what is -84412 - -2?
-84410
In base 5, what is -134131433 + -10?
-134131443
In base 12, what is 3 + 3b734?
3b737
In base 13, what is -3 + 18c51?
18c4b
In base 15, what is -4 + -23ecb9?
-23ecbd
In base 5, what is -34 + 103114?
103030
In base 16, what is -24019 - 5?
-2401e
In base 7, what is -2 - 22365155?
-22365160
In base 15, what is d6972b + -3?
d69728
In base 14, what is -13 + 3980?
396b
In base 15, what is 5 + 90d0?
90d5
In base 6, what is -325104 - -20?
-325044
In base 13, what is -3 - -bbab?
bba8
In base 10, what is -43426 - 0?
-43426
In base 14, what is -23 - -4c0d?
4bca
In base 4, what is -1012 + 10113121?
10112103
In base 14, what is -43d - 12?
-451
In base 3, what is 100001001002 + 0?
100001001002
In base 16, what is 5 + -ec30?
-ec2b
In base 14, what is -17 + 33d0?
33b7
In base 9, what is 82041 - 0?
82041
In base 4, what is -2 + -103003?
-103011
In base 10, what is 56038 + 2?
56040
In base 2, what is -10 - -10001101001001001011?
10001101001001001001
In base 10, what is -5 + -19551?
-19556
In base 3, what is 20120 + -12?
20101
In base 5, what is -400210 - 133?
-400343
In base 2, what is -11 + 1011111011100110?
1011111011100011
In base 16, what is -b0 + cab?
bfb
In base 13, what is 55a - 2?
558
In base 9, what is 10765 - 108?
10656
In base 9, what is -160 + -1668?
-1838
In base 13, what is -2 + 4b43?
4b41
In base 5, what is 124 - -11431?
12110
In base 16, what is f35 - -181?
10b6
In base 2, what is -1000110000 - 10110010?
-1011100010
In base 16, what is -4ed + -eba?
-13a7
In base 5, what is -212233010 + -4?
-212233014
In base 12, what is -4 - 928?
-930
In base 13, what is 28c + 7?
296
In base 13, what is 2206 - 54?
2182
In base 14, what is 97ad + 1?
97b0
In base 11, what is 0 + 48117?
48117
In base 13, what is -12 - 136?
-148
In base 8, what is 152272 + 3?
152275
In base 12, what is -14 - 4a2b5?
-4a309
In base 11, what is 5 - 790a?
-7905
In base 3, what is 112112112 + 22?
112112211
In base 8, what is 67 + 212627?
212716
In base 6, what is -4 + 12301452?
12301444
In base 4, what is 1 - -12221201?
12221202
In base 12, what is 5a - 2531?
-2493
In base 4, what is -100 - 2311322?
-2312022
In base 14, what is -1 - 1b990?
-1b991
In base 16, what is -47 - 1f7e?
-1fc5
In base 14, what is -3dc51 + -4?
-3dc55
In base 11, what is -14689 + -1?
-1468a
In base 11, what is -239a5a - 2?
-239a61
In base 14, what is 6 - 988?
-982
In base 5, what is 321123 + 11?
321134
In base 3, what is -1001221112 + -10?
-1001221122
In base 9, what is -430 + -233?
-663
In base 14, what is 8 + -39?
-31
In base 14, what is -6 + 32577?
32571
In base 12, what is 114740 + -1?
11473b
In base 4, what is -10322 + -312?
-11300
In base 12, what is -a23a5 - -6?
-a239b
In base 6, what is 304510 + -5?
304501
In base 14, what is 6 - -297aa?
297b2
In base 5, what is -2200 - 1100?
-3300
In base 15, what is 4 + -6143d?
-61439
In base 10, what is 284 + -354?
-70
In base 2, what is -110111100111 - -111?
-110111100000
In base 11, what is 29 + a0132?
a0160
In base 2, what is -100111011101100 - -10?
-100111011101010
In base 2, what is 1 - -100111011111101?
100111011111110
In base 2, what is -1 - -1010010001111000010?
1010010001111000001
In base 12, what is 1 + b5344?
b5345
In base 3, what is 101 - -2210?
10011
In base 15, what is 8 + -54e2?
-54d9
In base 9, what is 10 - 233676?
-233666
In base 10, what is 59031 + 36?
59067
In base 16, what is 1e0e - -5?
1e13
In base 4, what is 32011313 - 3?
32011310
In base 5, what is 11403 - -201?
12104
In base 6, what is 204553 + -4?
204545
In base 15, what is -2 - -31c2?
31c0
In base 3, what is -11 + 10111120220?
10111120202
In base 4, what is 30033 + -111?
23322
In base 7, what is 3 + -130463?
-130460
In base 12, what is -8551 + -2?
-8553
In base 16, what is -5a - 1aab?
-1b05
In base 15, what is -812e9 + 4?
-812e5
In base 8, what is -15714 + 5?
-15707
In base 15, what is 8 - 193c4?
-193bb
In base 5, what is 2330132 - 34?
2330043
In base 11, what is 128a5 + -2?
128a3
In base 12, what is 16 + -8220b?
-821b5
In base 3, what is -2 - -222120102?
222120100
In base 13, what is 1 + 2247?
2248
In base 8, what is -336 - -3121?
2563
In base 4, what is 1 - -311?
312
In base 3, what is -100012 + 20201?
-2111
In base 16, what is 7 - 8f8?
-8f1
In base 16, what is 0 - 7b13d?
-7b13d
In base 11, what is 7aa + -26a?
540
In base 14, what is -2 + -18116b?
-18116d
In base 15, what is -885 - 6?
-88b
In base 8, what is -301 - 145?
-446
In base 10, what is 56245 + 3?
56248
In base 6, what is 4232002 + 2?
4232004
In base 9, what is 4 + -8760?
-8755
In base 8, what is 4 + -44305?
-44301
In base 6, what is -1313 - 13?
-1330
In base 7, what is -2 + 116144?
116142
In base 15, what is cd - -118a?
1268
In base 5, what is 43 - 2110002?
-2104404
In base 13, what is -37b2ab - 3?
-37b2b1
In base 14, what is -18 + 12b?
113
In base 3, what is -200 + -202121211?
-202122111
In base 14, what is 716 - 2?
714
In base 5, what is -12342340 + -1?
-12342341
In base 10, what is -4762 - 9?
-4771
In base 2, what is -1011001010101110000 - 100?
-1011001010101110100
In base 12, what is -4 + -1abab?
-1abb3
In base 3, what is 1 + 10122012200102?
10122012200110
In base 14, what is 2a7d + 24?
2aa3
In base 6, what is -4 - 210010?
-210014
In base 3, what is 100201 + -220120?
-112212
In base 9, what is -1330 - 14?
-1344
In base 6, what is -44 - 212321?
-212405
In base 7, what is 11 - 10524?
-10513
In base 11, what is 5 - 17469?
-17464
In base 5, what is 424 + 30033?
31012
In base 4, what is 23313 - -1003?
30322
In base 5, what is -10 + 211032?
211022
In base 2, what is -101 + -100111000110010100101?
-100111000110010101010
In base 7, what is -2031 - -6360?
4326
In base 3, what is 10001122120 + 21?
10001122211
In base 6, what is -1 + 405?
404
In base 10, what is -16 - 106746?
-106762
In base 3, what is -2012012011012 - -10?
-2012012011002
In base 7, what is 321 + -1155?
-534
In base 10, what is 113 - -2630?
2743
In base 14, what is -11 + -1b07?
-1